
0
Let t(d) = d**3 + 3*d**2 + 2*d - 2. Give t(-4).
-26
Let b(q) = -q**2 + 14*q - 2. What is b(0)?
-2
Let s(l) = l + 10. Determine s(-20).
-10
Let l(g) = -g - 12. Give l(6).
-18
Let m(p) = -3*p + 106. Give m(31).
13
Let y(b) = b**3 - 5*b**2 - b - 3. Calculate y(4).
-23
Let f(l) = -l**3 + 10*l**2 - 11*l - 2. Determine f(8).
38
Let b(q) = -q + 14. What is b(11)?
3
Let r(s) = s**3 + 7*s**2 - s - 17. Give r(-7).
-10
Let z(t) = -7*t + 9. Calculate z(2).
-5
Let j(s) = -2*s + 3. Calculate j(-10).
23
Let l(f) = -f**3 - 3*f**2 + f + 8. Determine l(-3).
5
Let m(q) = -q**2 + 15*q + 2. What is m(14)?
16
Let a(t) = -t**2 - 5*t + 15. Determine a(-7).
1
Let s(j) = j**3 - 9*j**2 + 2. Calculate s(9).
2
Let u(t) = -2*t**2 + 38*t - 157. Determine u(6).
-1
Let f(n) = -39*n - 71. Determine f(-2).
7
Let h(a) = 6*a - 65. What is h(10)?
-5
Let o(j) = -j**2 - 8*j - 12. What is o(-8)?
-12
Let j(h) = -h**3 - 7*h**2 - 25*h - 115. Calculate j(-5).
-40
Let l(s) = 4*s**2 - 22*s - 5. Determine l(6).
7
Let t(n) = -65*n + 47. What is t(1)?
-18
Let q(r) = -r**3 - r**2 + 4*r + 3. What is q(-3)?
9
Let k(r) = r**3 - 12*r**2 + 7*r + 9. Give k(8).
-191
Let b(j) = -j**3 - 7*j**2 - 5*j + 10. Give b(-7).
45
Let v(k) = -2*k**2 + 5*k + 9. Give v(4).
-3
Let q(x) = x - 4. Give q(2).
-2
Let r(v) = -v**2 - 3*v - 22. What is r(8)?
-110
Let m(a) = 8*a + 5. What is m(1)?
13
Let m(d) = -d**2 + 10. Determine m(0).
10
Let b(z) = -z**3 + 9*z**2 - 21*z + 56. Calculate b(7).
7
Let t(j) = -j**2 - 11*j - 12. What is t(-8)?
12
Let b(z) = -z**3 + 19*z**2 - 15*z - 38. What is b(18)?
16
Let q(m) = m**2 + m - 2. What is q(-4)?
10
Let w(y) = y**2 - 14*y + 24. Calculate w(12).
0
Let l(r) = r. Determine l(-1).
-1
Let i(d) = d**3 - 16*d**2 + 21*d - 97. Calculate i(15).
-7
Let v(w) = w**2 - 8*w - 19. Give v(5).
-34
Let n(r) = -r**2 - 6*r - 1. Calculate n(-7).
-8
Let t(a) = a**3 + 5*a**2 + 2*a. Determine t(-2).
8
Let k(y) = -2*y**2 - 5*y - 1. What is k(-4)?
-13
Let a(u) = u**2 - 23*u + 80. Give a(19).
4
Let p(h) = h**3 + 6*h**2 - 6*h + 11. What is p(-7)?
4
Let m(g) = -15*g - 552. Determine m(-37).
3
Let g(n) = -2*n**2 + 10*n - 6. Give g(6).
-18
Let m(t) = 4*t + 32. Give m(-9).
-4
Let g(y) = -2*y**2 - 41*y - 19. What is g(-20)?
1
Let t(s) = -2*s**2 + 18*s - 54. Calculate t(4).
-14
Let s(g) = -16*g - 34. Give s(-2).
-2
Let z(r) = r + 4. Calculate z(4).
8
Let a(b) = -32*b - 1. Determine a(-2).
63
Let k(c) = c**3 + c**2 + c + 10. What is k(0)?
10
Let w(s) = s**2 + 8*s - 23. Give w(-10).
-3
Let d(u) = -2*u**2 + 5*u - 3. Calculate d(-3).
-36
Let u(n) = -n**3 + 20*n**2 - 17*n - 49. Determine u(19).
-11
Let d(l) = l**3 - 6*l**2 - 6*l + 4. What is d(6)?
-32
Let l(c) = c + 32. What is l(-21)?
11
Let q(b) = b**3 + 10*b**2 + 12*b + 20. Determine q(-9).
-7
Let i(w) = w**2 - 12*w + 35. Calculate i(6).
-1
Let a(c) = 21*c. Calculate a(-1).
-21
Let s(p) = -2*p**3 - 80*p**2 - 77*p + 32. Calculate s(-39).
-7
Let p(q) = q**2 + 2*q - 12. Calculate p(-7).
23
Let l(o) = o**2 + 37*o + 246. Calculate l(-27).
-24
Let a(p) = 2*p**2 + 16*p + 41. Calculate a(-9).
59
Let u(p) = -p**2 - 4*p + 19. Calculate u(-7).
-2
Let b(d) = 6*d**3 - 7*d**2 + 11*d - 3. Calculate b(1).
7
Let o(p) = p**2 + 15*p + 15. Give o(-12).
-21
Let c(r) = -r**3 - 3*r**2 - 4*r - 3. Calculate c(-3).
9
Let a(l) = 58*l + 171. What is a(-3)?
-3
Let q(j) = -2*j**2 - 74*j - 155. Calculate q(-35).
-15
Let d(f) = 5*f**2 - 1. Calculate d(2).
19
Let x(v) = -4*v - 16. Calculate x(-5).
4
Let y(c) = -c**2 - 14*c - 5. What is y(-14)?
-5
Let v(h) = -h**2 + 6*h + 75. Calculate v(-7).
-16
Let q(t) = t**2 - 10*t + 5. Determine q(8).
-11
Let t(r) = -r - 9. Determine t(-4).
-5
Let k(d) = -2*d**3 - d**2. Give k(-1).
1
Let u(p) = p**3 - 7*p**2 - p + 1. Give u(7).
-6
Let n(u) = u - 10. Determine n(5).
-5
Let q(o) = 2*o - 22. Calculate q(12).
2
Let h(l) = l**2 + 12*l - 40. Determine h(-12).
-40
Let r(u) = u**3 - 6*u**2 - 6*u + 3. What is r(5)?
-52
Let h(s) = 2*s + 15. Calculate h(-7).
1
Let u(d) = 109*d - 331. Calculate u(3).
-4
Let p(a) = -a**2 - 9*a + 5. What is p(-10)?
-5
Let f(m) = -m**3 - 29*m**2 - 31*m + 14. Give f(-28).
98
Let r(i) = 2*i**3 - 4*i**2 + 7*i - 4. Give r(2).
10
Let b(g) = -94*g - 380. Give b(-4).
-4
Let o(l) = -l. Determine o(-8).
8
Let w(h) = h**3 - 18*h**2 + 15*h + 31. Give w(17).
-3
Let j(c) = 2*c**3 + 4*c**2 - 4*c - 4. Calculate j(-3).
-10
Let k(f) = -f - 19. Give k(-12).
-7
Let n(b) = -b**3 + 21*b**2 - 18*b - 4. Calculate n(20).
36
Let w(n) = -n**2 - 10*n - 8. Give w(-6).
16
Let z(c) = 5*c + 2. Calculate z(-4).
-18
Let p(k) = -k**3 + 2*k**2 - 2*k + 1. Determine p(0).
1
Let l(m) = -m**3 + 11*m**2 - 15*m + 29. Give l(9).
56
Let v(o) = 6*o + 116. What is v(-15)?
26
Let f(c) = -c**2 - 11*c + 10. Determine f(-11).
10
Let h(g) = -g**3 - 8*g**2 + g + 4. What is h(-8)?
-4
Let g(a) = -16*a - 190. Calculate g(-13).
18
Let k(l) = l**3 + 14*l**2 + l + 14. Give k(-14).
0
Let v(z) = -2*z - 104. Calculate v(-37).
-30
Let a(x) = -2*x + 3. Calculate a(6).
-9
Let c(f) = 6*f**3 + 2*f - 1. Determine c(1).
7
Let q(l) = -2*l**3 - 4*l**2 + l + 6. Determine q(2).
-24
Let i(u) = u**2 - 11*u - 8. Determine i(10).
-18
Let g(q) = 43*q + 254. Determine g(-6).
-4
Let w(n) = -n**2 - 25*n - 83. Give w(-20).
17
Let b(x) = x**3 + 2*x**2 + x - 16. Calculate b(-3).
-28
Let u(j) = -3*j + 29. Determine u(12).
-7
Let s(t) = -t**2 + 11*t + 7. What is s(5)?
37
Let s(k) = -k**3 + 7*k**2 - k + 15. Calculate s(6).
45
Let q(w) = -2*w + 7. Determine q(-5).
17
Let f(w) = 2*w**2 + 14*w - 54. What is f(-10)?
6
Let b(v) = -v**2 + 12*v - 31. Give b(7).
4
Let g(h) = 16*h**3 - h**2 + 3*h - 1. Calculate g(1).
17
Let g(a) = a - 19. Give g(10).
-9
Let w(f) = -2*f**2 - f - 3. What is w(4)?
-39
Let b(j) = 23*j + 6. Determine b(0).
6
Let x(u) = u**2 - 2*u - 18. What is x(0)?
-18
Let m(k) = -k + 14. Give m(8).
6
Let s(h) = -h**3 - 24*h**2 - 93*h + 28. Give s(-19).
-10
Let x(s) = 40*s + 367. Calculate x(-9).
7
Let j(b) = -b**2 + 6*b + 4. Give j(6).
4
Let y(z) = -z**2 + 5*z + 2. What is y(3)?
8
Let s(r) = r**3 - 8*r**2 + 15*r - 30. What is s(6)?
-12
Let g(i) = i**3 - 9*i**2 + 5*i - 4. Calculate g(9).
41
Let i(a) = 3*a + 47. What is i(-19)?
-10
Let x(k) = k**3 - 12*k**2 - 14*k + 8. Determine x(13).
-5
Let x(d) = 2*d + 18. Determine x(-9).
0
Let m(x) = -24*x**2 + 3*x - 2. What is m(1)?
-23
Let g(q) = 30*q + 24. Give g(-6).
-156
Let w(z) = z**3 - 9*z**2 + 5*z + 10. Give w(7).
-53
Let x(g) = -g**3 + g**2 + 4*g + 5. What is x(-2)?
9
Let f(d) = 3*d - 10. Calculate f(6).
8
Let n(d) = -d**3 + 17*d**2 + 17*d - 6. Calculate n(18).
-24
Let h(q) = -q**3 - 3*q**2 + 3*q + 7. What is h(0)?
7
Let j(x) = x**2 - 12*x - 59. What is j(14)?
-31
Let m(c) = c**2 - 3*c - 9. Calculate m(7).
19
Let t(d) = -d**2 - 3. Determine t(-6).
-39
Let a(d) = -d**2 - 15*d - 6. What is a(-14)?
8
Let w(a) = -6*a**2 - 35*a - 35. Calculate w(-4).
9
Let w(c) = -c**3 - 14*c**2 - 14*c - 9. Determine w(-13).
4
Let h(o) = -o**2 - 14*o + 2. Determine h(-14).
2
Let v(z) = -z**3 + 14*z**2 - 14*z + 12. Give v(13).
-1
Let q(s) = 4*s**3 + 2*s - 1. Calculate q(2).
35
Let a(i) = -6*i**2 - 75*i + 75. What is a(1)?
-6
Let i(k) = -7*k**2 - 20*k + 6. What is i(-3)?
3
Let p(s) = s**2 + 13*s - 27. Give p(-15).
3
Let q(m) = -m**3 - 10*m**2 - 16*m - 7. What is q(-8)?
-7
Let a(v) = -53*v - 2. Calculate a(1).
-55
Let h(c) = -c**3 - c**2 + 2*c - 12. What is h(-3)?
0
Let z(x) = -2*x**2 + 2*x - 1. Determine z(-2).
-13
Let q(a) = -a**3 + a**2 - 4*a + 6. Give q(2).
-6
Let q(t) = t**3 + 2*t**2 - 7*t - 7. Calculate q(-3).
5
Let u(g) = -2*g + 30. Give u(9).
12
Let h(t) = -t**2 + 5*t - 16. What is h(0)?
-16
Let p(j) = -19*j**2 - 380*j - 11. Calculate p(-20).
-11
Let d(q) = 3*q**2 - 12*q + 3. Calculate d(4).
3
Let a(b) = 2*b + 32. What is a(-9)?
14
Let j(s) = 6*s + 110. Determine j(-11).
44
Let u(h) = -h**3 - 7*h**2 - 7*h - 5. Give u(-6).
1
Let k(m) = -42*m + 1. Calculate k(1).
-41
Let d(f) = -f**3 + 16*f**2 + 32*f + 75. What is d(18)?
3
Let v(m) = -2*m + 7. Give v(6).
-5
Let r(u) = -14*u - 1. Determine r(-2).
27
Let i(j) = j**3 + 5*j**2 + 4*j + 10. Calculate i(-5).
-10
Let d(z) = z**3 + 16*z**2 - 2*z - 16. What is d(-16)?
16
Let q(c) = -2*c**2 + 20*c + 32. Give q(11).
10
Let l(r) = r**2 - 5*r - 8. Determine l(7).
6
Let c(t) = -t**2 + 7*t - 1. Give c(8).
-9
Let v(m) = m + 39. What is v(-17)?
22
Let k(